er when 20676 is divided by 124.
92
Calculate the remainder when 16977 is divided by 175.
2
What is the remainder when 118289 is divided by 484?
193
What is the remainder when 29551 is divided by 2271?
28
Calculate the remainder when 729 is divided by 75.
54
What is the remainder when 12780 is divided by 467?
171
What is the remainder when 703871 is divided by 104?
103
Calculate the remainder when 430277 is divided by 649.
639
Calculate the remainder when 239 is divided by 13.
5
What is the remainder when 10097 is divided by 31?
22
What is the remainder when 6185 is divided by 1545?
5
What is the remainder when 2824081 is divided by 76?
73
Calculate the remainder when 11687 is divided by 1152.
167
What is the remainder when 495703 is divided by 4?
3
What is the remainder when 39045 is divided by 651?
636
Calculate the remainder when 1335 is divided by 465.
405
Calculate the remainder when 2190643 is divided by 53.
47
Calculate the remainder when 11595 is divided by 170.
35
Calculate the remainder when 46365 is divided by 52.
33
What is the remainder when 687427 is divided by 52?
39
Calculate the remainder when 306 is divided by 110.
86
What is the remainder when 1000 is divided by 168?
160
What is the remainder when 2380 is divided by 2359?
21
Calculate the remainder when 48196 is divided by 9637.
11
What is the remainder when 164577 is divided by 52?
49
Calculate the remainder when 27438 is divided by 9141.
15
Calculate the remainder when 348 is divided by 265.
83
What is the remainder when 15305 is divided by 3059?
10
Calculate the remainder when 1411 is divided by 4.
3
Calculate the remainder when 8768 is divided by 8641.
127
What is the remainder when 1074 is divided by 340?
54
Calculate the remainder when 13125 is divided by 300.
225
Calculate the remainder when 346957 is divided by 1226.
1225
What is the remainder when 1758 is divided by 1087?
671
What is the remainder when 2032 is divided by 14?
2
What is the remainder when 2137 is divided by 60?
37
What is the remainder when 2664417 is divided by 10?
7
Calculate the remainder when 132376 is divided by 76.
60
Calculate the remainder when 4962 is divided by 22.
12
Calculate the remainder when 9983 is divided by 38.
27
Calculate the remainder when 1285 is divided by 236.
105
Calculate the remainder when 4965 is divided by 1644.
33
What is the remainder when 351657 is divided by 20685?
12
What is the remainder when 10786 is divided by 230?
206
Calculate the remainder when 106622 is divided by 106602.
20
Calculate the remainder when 395591 is divided by 889.
875
What is the remainder when 233698 is divided by 164?
162
Calculate the remainder when 2720 is divided by 1433.
1287
What is the remainder when 328424 is divided by 25?
24
Calculate the remainder when 3027239 is divided by 18.
17
Calculate the remainder when 6571 is divided by 89.
74
Calculate the remainder when 21293 is divided by 4229.
148
What is the remainder when 128622 is divided by 75?
72
What is the remainder when 18976 is divided by 4733?
44
What is the remainder when 861 is divided by 297?
267
What is the remainder when 151317 is divided by 3?
0
What is the remainder when 3171 is divided by 2949?
222
Calculate the remainder when 9958 is divided by 990.
58
Calculate the remainder when 651 is divided by 191.
78
What is the remainder when 80062 is divided by 139?
137
Calculate the remainder when 113181 is divided by 245.
236
What is the remainder when 4848 is divided by 33?
30
What is the remainder when 1065 is divided by 526?
13
What is the remainder when 2594 is divided by 214?
26
Calculate the remainder when 8430 is divided by 1852.
1022
What is the remainder when 43922 is divided by 27?
20
Calculate the remainder when 257160 is divided by 234.
228
What is the remainder when 5424 is divided by 41?
12
What is the remainder when 5469 is divided by 5466?
3
What is the remainder when 15584 is divided by 873?
743
Calculate the remainder when 4649 is divided by 183.
74
Calculate the remainder when 15709 is divided by 162.
157
Calculate the remainder when 6700 is divided by 647.
230
Calculate the remainder when 5830 is divided by 240.
70
Calculate the remainder when 715050 is divided by 28602.
0
What is the remainder when 128468 is divided by 1168?
1156
What is the remainder when 27673 is divided by 1641?
1417
What is the remainder when 19786 is divided by 333?
139
What is the remainder when 33480 is divided by 9?
0
What is the remainder when 209222 is divided by 69723?
53
Calculate the remainder when 267468 is divided by 21.
12
What is the remainder when 41232 is divided by 736?
16
What is the remainder when 26576 is divided by 100?
76
Calculate the remainder when 2467 is divided by 2459.
8
What is the remainder when 751040 is divided by 17?
14
What is the remainder when 1660 is divided by 1504?
156
What is the remainder when 1022009 is divided by 489?
488
Calculate the remainder when 69834 is divided by 194.
188
What is the remainder when 10257 is divided by 4157?
1943
What is the remainder when 311 is divided by 14?
3
Calculate the remainder when 2999 is divided by 91.
87
What is the remainder when 5551 is divided by 1437?
1240
What is the remainder when 91882 is divided by 173?
19
Calculate the remainder when 1067 is divided by 45.
32
What is the remainder when 114241 is divided by 13?
10
Calculate the remainder when 81636 is divided by 27.
15
What is the remainder when 525855 is divided by 357?
351
What is the remainder when 2115748 is divided by 55?
8
Calculate the remainder when 28864 is divided by 105.
94
Calculate the remainder when 4075377 is divided by 90.
87
Calculate the remainder when 211194 is divided by 29.
16
Calculate the remainder when 1794991 is divided by 14.
9
What is the remainder when 9265 is divided by 1536?
49
Calculate the remainder when 6050 is divided by 121.
0
What is the remainder when 176938 is divided by 88456?
26
What is the remainder when 169552 is divided by 21?
19
What is the remainder when 159238 is divided by 79609?
20
Calculate the remainder when 1756 is divided by 456.
388
Calculate the remainder when 16223 is divided by 1158.
11
What is the remainder when 34844 is divided by 6964?
24
Calculate the remainder when 2806 is divided by 443.
148
Calculate the remainder when 1303 is divided by 215.
13
What is the remainder when 2857342 is divided by 46?
6
Calculate the remainder when 324809 is divided by 50.
9
What is the remainder when 3716 is divided by 1214?
74
Calculate the remainder when 12812 is divided by 27.
14
Calculate the remainder when 221699 is divided by 215.
34
What is the remainder when 10392 is divided by 657?
537
Calculate the remainder when 21218 is divided by 964.
10
Calculate the remainder when 102101 is divided by 1098.
1085
Calculate the remainder when 656 is divided by 631.
25
What is the remainder when 5091 is divided by 124?
7
Calculate the remainder when 462 is divided by 156.
150
What is the remainder when 75478 is divided by 250?
228
What is the remainder when 870 is divided by 97?
94
Calculate the remainder when 5086 is divided by 1678.
52
What is the remainder when 88156 is divided by 67?
51
What is the remainder when 985 is divided by 13?
10
Calculate the remainder when 630303 is divided by 16.
15
Calculate the remainder when 45076 is divided by 51.
43
Calculate the remainder when 16245 is divided by 2697.
63
What is the remainder when 39527 is divided by 12?
11
What is the remainder when 1042107 is divided by 16?
11
What is the remainder when 1975 is divided by 466?
111
What is the remainder when 28623 is divided by 11?
1
Calculate the remainder when 264495 is divided by 88164.
3
What is the remainder when 5642 is divided by 80?
42
Calculate the remainder when 38587 is divided by 266.
17
Calculate the remainder when 8484 is divided by 216.
60
What is the remainder when 33027 is divided by 43?
3
What is the remainder when 2527 is divided by 224?
63
What is the remainder when 14477 is divided by 63?
50
Calculate the remainder when 12102 is divided by 2149.
1357
Calculate the remainder when 2111 is divided by 74.
39
What is the remainder when 195010 is divided by 195003?
7
What is the remainder when 2467 is divided by 813?
28
What is the remainder when 17192 is 